 -30. Suppose -4*l + 15 = -w. List the prime factors of l.
13
Let t(f) = f**3 - 2*f**2 + f. Let x be t(2). Suppose -x*d + 3*d - 6 = 0. List the prime factors of d.
2, 3
Let y(l) = -l**3 - 8*l**2 - l - 4. Let k be y(-8). Suppose -k = 2*v - 2. List the prime factors of (3 - (v + 2))*1.
2
What are the prime factors of (-4)/3 - (-496)/12?
2, 5
Let a be 2/(-4)*(1 - 1). What are the prime factors of (-28)/6*(a + -3)?
2, 7
Let d = -115 + 234. List the prime factors of d.
7, 17
Let t(l) = -2*l + 12. List the prime factors of t(-5).
2, 11
Let d(i) = 2*i - 9. Let l be d(10). Suppose -4*h - 20 = -t, -h = -5*t - 3*h + 100. Let g = t - l. List the prime factors of g.
3
Suppose m = -0*m + 31. List the prime factors of m.
31
Suppose 241 = -6*i + 7*i + 3*z, i + 5*z = 233. List the prime factors of i.
11, 23
Suppose -2*a + 47 = 5*g, -3*a + 4*g = -0*a - 13. Let v(d) = -d**3 + 11*d**2 + 2*d - 14. List the prime factors of v(a).
2
Let y(z) = 6*z - 6. Let r be y(4). Suppose v - u - 8 = 0, 5*u + 13 = 4*v - r. Suppose 7*f - 4*f - 2*q = 7, -5*f + 4*q = -v. What are the prime factors of f?
5
Let d = 350 + -87. What are the prime factors of d?
263
Let o(y) = 18*y**2 + 2*y + 2. List the prime factors of o(-1).
2, 3
Let m(l) = 0*l**2 + 3 + 2*l**2 - 3*l**2 + 4*l. Suppose 3*g + 1 = -2*k, 0 = 3*k + g - 6 - 3. List the prime factors of m(k).
3
Let g(z) = z**3 + 10*z**2 - 14*z + 2. List the prime factors of g(-10).
2, 71
Let f be ((-2)/(-6))/(2/18). Let i = 3 + f. What are the prime factors of i?
2, 3
Let u(w) = w**2 + 4*w - 4. Suppose -4*s + 12 = -s. Suppose s*p = -p - 30. List the prime factors of u(p).
2
Suppose -12*f + 216 = -8*f. What are the prime factors of f?
2, 3
Let o(v) be the second derivative of v**5/20 + v**4/3 + v**3/2 - 3*v**2/2 - 2*v. Let z be o(-3). List the prime factors of (-10)/z*(2 - -1).
2, 5
Let s(a) = -a - 6. Let h be s(-6). Suppose -5*r + 66 = -3*o, 0 = 5*r - 2*o - h*o - 69. Suppose -r + 0 = -m. What are the prime factors of m?
3, 5
Let u(s) = s**3 + s. Let f be u(1). Suppose 148 = 5*y + f*a - 120, -4*y = 3*a - 220. Suppose 2*c = 6*c - y. List the prime factors of c.
13
Let k be 2/16 + (-10018)/16. List the prime factors of (-3)/24 - k/16.
3, 13
Let m(u) = u**2 + 4*u + 4. Let z be m(-3). Suppose -2*f = -3*f + 2. List the prime factors of (18/4)/(z/f).
3
Let s be (6/(-8))/((-6)/600). Suppose -2*h - 3*h + s = 0. What are the prime factors of h?
3, 5
What are the prime factors of (136/6)/(6/9)?
2, 17
Let x = 117 - 63. List the prime factors of x.
2, 3
Let k be (-4)/(-2) + 4 + -24. Let n = k + 29. List the prime factors of n.
11
Let v(f) be the first derivative of -f**2 + 6*f - 1. List the prime factors of v(-5).
2
Let s = 158 + -57. List the prime factors of s.
101
Suppose u - 168 = -2*u. What are the prime factors of u?
2, 7
Let o be (-2 + -3)*4/(-5). Suppose o*k - 26 = 14. List the prime factors of (-2)/(-5) - (-36)/k.
2
Let h be (-1 + 0)/(1/(-17)). Let j = h + -8. What are the prime factors of j?
3
Let g be (-1 + 4 - 6)/(-1). Suppose -g*m + 6*m - 15 = 0. List the prime factors of m.
5
Suppose -2*p = 3 - 7. Let t be 0/(0 + -2 + 1). Suppose p*x + t*x = 24. List the prime factors of x.
2, 3
Suppose -5*b + 101 = -s + 3, 0 = b + 3*s - 26. Suppose y = r + 5*y - b, 2*r - 4*y = -20. Suppose 2*j - 4 + 0 = r. What are the prime factors of j?
2
Suppose 4*b - 217 + 45 = -4*s, 3*s = -2*b + 132. What are the prime factors of s?
2, 23
Suppose 0 = 2*z + 20 - 0. Let g be ((-8)/(-10))/(z/50). Let r = 14 + g. List the prime factors of r.
2, 5
Let z = -87 + 147. Suppose -5*o - z = -o. List the prime factors of o/(3 - (-18)/(-4)).
2, 5
Suppose 140 = 4*j - 2*j. List the prime factors of j.
2, 5, 7
Suppose 3*k - 3*r - 21 = 21, 0 = -3*k - 5*r + 42. List the prime factors of k.
2, 7
Let b(o) = -2*o + 3*o + 0*o - 1 + 0*o. Let s be b(-5). Let h(c) = -3*c - 9. List the prime factors of h(s).
3
Suppose -g + 5 = 2. Suppose 8*v = g*v + 60. What are the prime factors of v?
2, 3
Suppose -3*t + 4*y = 38, 5*t + 40 = -y - 4*y. Let n be -2 + -1 + t/(-1). Suppose a - v - n = 0, -2*a = -v - 8 - 11. What are the prime factors of a?
2, 3
Let z(f) = 13*f - 9. Let r be z(-5). Let p = -51 - r. List the prime factors of p.
23
Let m(q) = q**3 + 4*q**2 - 7*q - 5. Let n be m(-5). Suppose k - 42 + n = 0. What are the prime factors of k?
37
Let j be (-3)/2 + (-3)/(-6). Let m be j + 4/2 + -1. Suppose m = -4*i - 4*h + 4, 3*i - 3*h - 9 = 0. What are the prime factors of i?
2
Let h be 0 - (0 - 0 - 2). Suppose -26 = -4*v - h. List the prime factors of (v - -1) + (-4 - -2).
5
Let g = -2 - -6. Suppose 2*r = g*r - 4. List the prime factors of 8*1 + 0 - r.
2, 3
List the prime factors of 75 - (-9)/((-27)/12).
71
Let o(y) = 2*y + 29. List the prime factors of o(17).
3, 7
Suppose 0 = -5*q - 25 - 0. What are the prime factors of 5/((q/(-7))/5)?
5, 7
Suppose n - 36 = -n. Suppose -o + 3*b = -3*o + 23, -b = -3*o + n. List the prime factors of o.
7
What are the prime factors of 1 + 86 - (0 + 4)?
83
Suppose 0 = -5*q - 4*i + 10, 5*q - 5*i - 42 = 13. Suppose -3*k = -5*k + q. Suppose -m - 3*x + 8 = 2*x, -m + 8 = -k*x. List the prime factors of m.
2
Suppose -20 = 4*b + b. Let q(i) = i**3 + 6*i**2 + 6*i + 1. List the prime factors of q(b).
3
List the prime factors of 105/((12/(-4))/(-3)).
3, 5, 7
Suppose 0*r - 320 = 4*r. Let v = -39 - r. What are the prime factors of v?
41
Let r = 5 + -1. Suppose -r*o + 86 = 10. What are the prime factors of o?
19
Suppose -1300 = 9*h - 14*h. What are the prime factors of h?
2, 5, 13
Suppose 4*v + 3*g - 333 = 0, -5*v = 4*g - 6*g - 445. List the prime factors of v.
3, 29
Suppose 97 = 5*t + r, -5*r - 26 = -t - 3*r. List the prime factors of t.
2, 5
Let n = 10 - 3. Suppose -n = -2*y + 3. Suppose -3*d = -y*d + 8. What are the prime factors of d?
2
Suppose -44 = 4*r + 3*x - 461, 427 = 4*r + x. List the prime factors of r.
2, 3
Let f(n) = -n + 2. Let k be f(2). Suppose k = -3*x - x. Let y(g) = g**3 - g**2 + g + 11. What are the prime factors of y(x)?
11
Suppose 4*x = -3*j + 205 - 26, 2*x - 85 = -3*j. Let v = 82 - x. List the prime factors of v.
5, 7
Let d(r) = 24*r - 27. Let m(p) = 8*p - 9. Let k(a) = -2*d(a) + 7*m(a). What are the prime factors of k(5)?
31
Suppose 0 = 2*y + 57 - 183. What are the prime factors of y?
3, 7
Let j(q) = -6*q - 5. Let w(l) = 0 - 1 + 0*l + 0 - l. Let o(s) = 2*j(s) - 10*w(s). List the prime factors of o(-4).
2
Let v be 0/2 + 19 + -8. Let k = -3 + v. What are the prime factors of k?
2
Suppose -3*n - 4 = n, n = 5*g - 366. List the prime factors of g.
73
Let s = -14 - -55. List the prime factors of s.
41
Let c(a) = a - 7. Let d be c(9). Suppose -w = -d*w. Suppose w = -2*t + 2*y + 4, -t - 4*t + 40 = 5*y. What are the prime factors of t?
5
List the prime factors of (131/(-2))/(5/(-8 + -2)).
131
Let x = 15 - 3. Let k = 1 + x. List the prime factors of k.
13
Let c = 6 + -3. List the prime factors of 1/c + (-62)/(-3).
3, 7
Let f(n) = -n**3 + 6*n**2 - 3*n - 7. Let c be f(5). Suppose c*w - w - 10 = 0. What are the prime factors of w?
5
Let j = 8 + -6. Let u be j*3/(-6) - -3. Let d = 4 - u. List the prime factors of d.
2
Let h = -244 - -452. List the prime factors of h.
2, 13
Suppose 4 = 12*m - 92. What are the prime factors of m?
2
Suppose c - 4*g + 6 = 26, 0 = -5*c + 4*g + 36. Let t be 0 - (0 + 2) - c. What are the prime factors of 2/t + 74/6?
2, 3
Let z = 108 - 49. List the prime factors of z.
59
Let h(o) = -o**2 - 2*o + 7. Let w be h(-5). Let l(m) = -2*m + 0*m - 14 + 4. What are the prime factors of l(w)?
2, 3
Let y be ((-9)/3)/(-3) + 2. Let u = y - -1. Suppose 0 = u*m - 8 - 16. List the prime factors of m.
2, 3
Let c = 3 + 12. What are the prime factors of c?
3, 5
Let w = -4 + 9. Suppose -5*n + w*h = -110, 0*h + 4*h + 68 = 3*n. What are the prime factors of n?
2, 5
Let h = -15 + 13. Let m(t) = -3*t**3 + 3*t**2 + 3*t + 3. List the prime factors of m(h).
3, 11
Let b be 28/6 + (-3)/(-9). Suppose -2*h + 15 = -b*o + 2*h, 12 = -4*o + 4*h. List the prime factors of 20 + o/1 + 1.
2, 3
Suppose 4*w = w - 60. Let q = 13 + w. Let i = q + 11. What are the prime factors of i?
2
Let q be (-3)/(-2)*(-40)/(-15). Suppose -p = q*p - 145. List the prime factors of p.
29
Let j(o) = -o**2 - 2 - 3*o**2 - o**3 + 0*o**2 - 5*o. Let v be (-57)/21 - 8/28. List the prime factors of j(v).
2
Let q(u)